 What is n(-2)?
-58
Let a(x) = -x**3 - 9*x**2 + 4*x - 60. Calculate a(-10).
0
Let s(b) = -b**3 - 5*b**2 - 3*b + 4. What is s(-5)?
19
Let r(s) = 10*s - 101. Give r(6).
-41
Let w(f) = f**3 - 27*f**2 - 58*f - 2. Calculate w(29).
-2
Let o(a) = -a**3 + 5*a**2 - 9*a + 17. Give o(4).
-3
Let r(z) = -z**2 + 5*z - 3. Calculate r(5).
-3
Let h(j) = -j**2 + 9*j - 13. Give h(10).
-23
Let i(w) = 2*w**2 + 1. Calculate i(2).
9
Let s(v) = -6*v - 81. What is s(-15)?
9
Let o(b) = 11*b**3 - b**2 + 2*b - 1. Calculate o(1).
11
Let a(f) = f - 21. What is a(4)?
-17
Let s(a) = -2*a**3 + 179*a**2 - 88*a - 82. Calculate s(89).
7
Let j(x) = x**2 - 19*x - 19. What is j(19)?
-19
Let b(s) = -4*s + 35. Give b(14).
-21
Let i(o) = -10*o**2 - o + 1. Calculate i(2).
-41
Let c(d) = -4*d + 100. Give c(29).
-16
Let c(d) = 9*d + 272. Determine c(-30).
2
Let j(i) = i**3 + 8*i**2 - 13*i + 62. What is j(-10)?
-8
Let f(t) = -7*t + 106. Give f(19).
-27
Let b(z) = -10*z + 20. Determine b(2).
0
Let w(t) = -42*t**3 - t**2 + t + 1. What is w(1)?
-41
Let v(s) = s**3 + s**2 + s + 1. What is v(-1)?
0
Let h(v) = 2*v**2 + 36*v - 4. Determine h(-18).
-4
Let n(l) = l**3 - 7*l**2 + 12*l + 1. What is n(4)?
1
Let r(w) = -w - 6. Give r(1).
-7
Let b(c) = -c**2 + 10*c + 1. Determine b(11).
-10
Let m(l) = 3*l + 60. Calculate m(-19).
3
Let m(c) = 7*c + 4. What is m(-5)?
-31
Let s(d) = -d**3 + 13*d**2 + 12*d + 28. Calculate s(14).
0
Let s(l) = -3*l**3 - 2*l**2 - l + 2. What is s(-2)?
20
Let f(b) = b**3 + 9*b**2 - 20*b + 17. Give f(-11).
-5
Let r(w) = -w**2 - 8*w - 1. Determine r(-7).
6
Let b(m) = -m**3 + 5*m**2 + 4*m + 2. Determine b(7).
-68
Let q(l) = -l**3 + 13*l**2 - l + 4. Give q(13).
-9
Let n(a) = -a - 15. What is n(-7)?
-8
Let l(w) = w**2 - 18. Calculate l(-8).
46
Let l(m) = -m**2 - 10*m + 5. Give l(-11).
-6
Let l(s) = 5*s - 187. Determine l(37).
-2
Let c(w) = -w - 6. Calculate c(-2).
-4
Let j(o) = o**3 - 6*o**2 - 10*o + 4. Calculate j(7).
-17
Let k(t) = -t**3 - 4*t**2 + 4*t - 2. Determine k(2).
-18
Let i(f) = f**2 - f - 18. Determine i(-7).
38
Let m(k) = -k + 40. What is m(0)?
40
Let n(j) = -2*j**3 + 65*j**2 + 34*j - 49. Calculate n(33).
-16
Let d(l) = 4*l + 64. What is d(-6)?
40
Let t(b) = -9*b - 267. Determine t(-32).
21
Let j(i) = i**3 - 9*i**2 - 11*i + 18. Give j(10).
8
Let q(u) = -u**2 + 4*u + 32. Give q(-5).
-13
Let v(p) = 50*p**2. What is v(1)?
50
Let o(l) = -74*l + 2140. Give o(29).
-6
Let k(z) = -z**2 + 10*z + 23. What is k(12)?
-1
Let i(f) = 4*f + 23. Give i(-3).
11
Let j(z) = -2*z**3 - 29*z**2 + 85*z + 3. Calculate j(-17).
3
Let s(f) = -4*f + 9. Determine s(-6).
33
Let h(p) = -p - 19. Calculate h(-7).
-12
Let p(o) = o + 7. Determine p(-7).
0
Let f(t) = 8*t**3 + t**2 - 1. Calculate f(1).
8
Let h(r) = r**3 + 20*r**2 - 45*r - 44. Give h(-22).
-22
Let l(j) = j + 33. What is l(-11)?
22
Let x(m) = -4*m**2 - 22*m - 4. Determine x(-5).
6
Let p(i) = 3*i - 19. What is p(9)?
8
Let z(q) = -2*q - 21. Determine z(-7).
-7
Let q(k) = 21*k - 82. Determine q(4).
2
Let n(g) = -g**2 - 3*g + 66. What is n(7)?
-4
Let z(o) = -2*o**2 - 3*o - 7. Give z(4).
-51
Let j(n) = -n**3 - 4*n**2 - 5*n - 3. What is j(-2)?
-1
Let z(j) = j**3 + 14*j**2 + 15*j + 24. Calculate z(-13).
-2
Let c(k) = k**2 + 2*k - 4. Calculate c(0).
-4
Let i(u) = 2*u**2 - 40*u - 11. What is i(21)?
31
Let o(c) = -2*c**2 + 29*c - 20. What is o(14)?
-6
Let k(s) = s**2 + 3*s - 3. Calculate k(-3).
-3
Let m(y) = -41*y + 692. Give m(17).
-5
Let x(t) = -t**3 - 17*t**2 + 16*t - 20. Determine x(-18).
16
Let l(v) = -4*v + 13. Determine l(3).
1
Let c(m) = -m**3 + 22*m**2 + 30*m - 11. Give c(23).
150
Let c(y) = -y**2 - 9*y + 20. Determine c(-10).
10
Let z(u) = 14*u + 1. Give z(-2).
-27
Let u(p) = -2*p - 10. What is u(4)?
-18
Let s(f) = 4*f - 11. Determine s(-8).
-43
Let q(z) = 5*z**3 - 2*z**2 - 10*z - 7. Give q(-1).
-4
Let c(z) = z**2 - 39*z - 129. What is c(42)?
-3
Let r(h) = -h**3 + 9*h**2 - 12*h + 12. Give r(8).
-20
Let i(d) = d**3 - d**2 - 6*d + 3. Give i(3).
3
Let z(a) = -44*a + 497. Determine z(11).
13
Let h(k) = -k**3 - 5*k**2 + 4*k + 4. Determine h(-5).
-16
Let r(t) = 2*t - 4. Determine r(5).
6
Let h(d) = 3*d - 32. Give h(9).
-5
Let j(g) = 2*g + 25. Determine j(-11).
3
Let h(b) = -b**3 - 9*b**2 - b + 4. Give h(-9).
13
Let k(g) = 2*g**2 - 8*g + 6. What is k(4)?
6
Let f(g) = -2*g**2 - 20*g - 28. What is f(-10)?
-28
Let r(a) = a + 2. Calculate r(2).
4
Let l(u) = u**3 - 26*u + 11. Determine l(5).
6
Let j(w) = -w + 2. Give j(12).
-10
Let w(r) = 3*r**2 + 8*r + 20. What is w(-6)?
80
Let y(l) = 3*l - 14. Give y(3).
-5
Let w(j) = 5*j - 189. What is w(37)?
-4
Let o(q) = -3*q - 90. Give o(-17).
-39
Let j(y) = 5*y - 7. Determine j(3).
8
Let h(j) = 10*j**2 - 67*j + 35. What is h(6)?
-7
Let l(v) = 4*v + 23. Calculate l(-7).
-5
Let j(n) = -n**3 + 16*n**2 - 3*n + 41. What is j(16)?
-7
Let c(u) = -u**2 + 3*u + 2. What is c(7)?
-26
Let y(l) = l + 6. What is y(-4)?
2
Let d(m) = -3*m + 66. Calculate d(21).
3
Let g(v) = v + 2. Give g(-11).
-9
Let n(k) = -2*k - 21. Calculate n(-9).
-3
Let a(l) = -22*l + 29. What is a(3)?
-37
Let n(g) = -g**2 - 11*g - 1. What is n(-11)?
-1
Let o(n) = n**2 - 24*n - 49. Give o(26).
3
Let s(y) = y**3 - 4*y**2 - y + 5. Calculate s(3).
-7
Let k(q) = q**2 - 19*q - 30. What is k(19)?
-30
Let t(d) = -2*d - 2. Calculate t(-3).
4
Let o(c) = 2*c + 7. Calculate o(-7).
-7
Let u(h) = h**3 + 4*h**2 - h - 4. Calculate u(-2).
6
Let m(v) = 4*v. Calculate m(-1).
-4
Let f(o) = -2*o**2 + 8*o + 4. Determine f(6).
-20
Let a(o) = o**3 - o**2 + o + 16. Give a(0).
16
Let y(p) = 10*p - 52. Give y(5).
-2
Let n(v) = -23*v + 12. Calculate n(1).
-11
Let a(b) = b - 27. Give a(13).
-14
Let f(o) = o**2 - 11*o + 1. What is f(10)?
-9
Let g(w) = -9*w - 7. Calculate g(5).
-52
Let z(r) = r**2 - 32*r - 179. What is z(37)?
6
Let r(s) = 10*s - 9. What is r(5)?
41
Let w(f) = 6*f + 31. What is w(-6)?
-5
Let l(j) = 3*j + 16. What is l(-8)?
-8
Let f(c) = -3*c + 26. Calculate f(7).
5
Let h(w) = -w**2 + 4*w + 14. Give h(-3).
-7
Let j(t) = t**2 + t. Calculate j(1).
2
Let w(q) = 10*q + 11. Give w(-5).
-39
Let x(r) = 9*r. Determine x(-1).
-9
Let g(o) = -o**3 - 5*o**2 + 16*o + 7. Calculate g(-7).
-7
Let d(y) = -y**3 + 4*y**2 + 4*y + 1. Give d(5).
-4
Let x(m) = -3*m**2 - 4*m + 2. Calculate x(2).
-18
Let x(q) = 65*q - 265. Give x(4).
-5
Let n(m) = -m**3 + 7*m**2 + 3*m - 7. Calculate n(7).
14
Let b(u) = 28*u - 313. Give b(11).
-5
Let q(x) = -x**3 + 4*x**2 + 4*x + 5. Determine q(5).
0
Let z(i) = -40*i**3 - i**2 + 2*i. Give z(1).
-39
Let h(i) = 3*i + 22. Determine h(-6).
4
Let b(y) = -11*y - 120. Give b(-11).
1
Let s(f) = 25*f + 292. Determine s(-11).
17
Let m(c) = -9*c - 129. Give m(-15).
6
Let i(m) = m**3 + 4*m**2 + 2*m + 7. What is i(-5)?
-28
Let n(p) = 54*p + 1. What is n(1)?
55
Let u(k) = k**2 - 6*k - 12. What is u(5)?
-17
Let i(y) = -y**2 + 12*y - 8. Give i(10).
12
Let c(b) = -52*b**2 - b - 1. Give c(-1).
-52
Let l(s) = -s**3 - 11*s**2 - 11*s - 9. Calculate l(-10).
1
Let g(f) = -f**3 + 10*f**2 - 3*f + 13. What is g(10)?
-17
Let d(z) = -z**3 + 17*z**2 - 31*z + 12. What is d(15)?
-3
Let r(s) = 14*s**2 - 2*s - 1. Determine r(-1).
15
Let q(m) = m**3 + 8*m**2 + 5*m - 14. Calculate q(-7).
0
Let o(c) = -28*c + 1. Determine o(-2).
57
Let m(d) = -3*d + 101. What is m(19)?
44
Let u(a) = -2*a + 6. What is u(0)?
6
Let i(a) = 5*a + 5. Calculate i(2).
15
Let l(t) = t**2 + 2*t + 11. Determine l(-4).
19
Let j(q) = -2*q**2 - 28*q - 30. Give j(-10).
50
Let c(k) = -k**2 - 26*k - 56. Give c(-24).
-8
Let a(o) = o**3 - 6*o**2 + 2*o - 7. What is a(6)?
5
Let k(f) = f**3 - 3*f**2 + f + 1. Give k(2).
-1
Let u(l) = -8*l**2 + 34*l - 6. What is u(4)?
2
Let r(n) = -34*n**2 + 2. Give r(2).
-134
Let p(g) = 2*g + 11. Give p(-10).
-9
Let n(g) = -13*g**3 - 3*g**2 - g. Give n(-2).
94
Let o(g) = -3*g - 35. Determine o(7).
-56
Let k(t) = t**3 + 4*t**2 - 7*t - 9. What is k(-5)?
1
Let u(c) = c**3 - 5*c**2 + 10. Calculate u(5).
10
Let z(b) = b**2 + 5*b - 3. Calculate z(-2).
-9
Let o(p) = -16*p - 11. What is o(5)?
-91
Let b(x) = x**2 + 58*x + 246. Determine b(-53).
-19
Let d(n) = -2*n - 22. Calculate d(-8).
-6
Let c(l) = -l**3 - 9*l**2 + 8*l + 18. Give c(-10).
38
Let p(t) = t**2 + 6*t - 33. Calculate p(-9).
-6
Let a(z) = z**3 + 17*z**2 + 64*z - 7. What is a(-12)?
-55
Let q(i) = -i**2 - 18*i - 16. What is q(-16)?
16
Let w(k) = k**